*g - 24 = 0. Let t(j) = -j**2 - 4*j + 2. Give t(g).
-10
Let v(d) = 0*d + 0*d + 3 + 2*d. Let a(b) = 6*b**3 + b**2 - 1. Let o be a(-1). Let i(f) = -f**2 - 6*f - 4. Let t be i(o). Determine v(t).
-5
Let y(z) = -z - 13. Let o(x) = -9*x - 9. Let w be o(-1). Calculate y(w).
-13
Suppose -9 = -2*h + 11. Suppose 0 = -v + 1 + 7. Let d = v - h. Let z(i) = -i**3 - 3*i**2 + i + 1. Give z(d).
-5
Let d(o) = o + 10. Let l be 30/4*10/(-15). What is d(l)?
5
Suppose -5*o + 6*o - 5 = 0. Suppose p + 4*p = 3*m - 6, 4 = 2*m + p. Let w(x) = -4 + 2*x**2 + 11 + 3*x - 3*x**m. What is w(o)?
-3
Suppose 2*h - 2*b = -12, 0 = -h + 7*b - 12*b. Let a(t) = -3*t + 2. Let i(j) = -2*j + 1. Let n(r) = -6*a(r) + 10*i(r). What is n(h)?
8
Let y = 12 + -11. Let v(o) = 10*o**3 + 2*o - 1. Calculate v(y).
11
Let r(j) = 5*j + 2 - 4*j - 9 + 4. What is r(3)?
0
Let x(b) = -2*b + 11. Let t(q) = 3*q - 21. Let y(p) = -3*t(p) - 5*x(p). Give y(0).
8
Let a(z) = z**3 - z**2 + 1. Let y(k) = -9*k**3 + 6*k**2 - 6. Let b(l) = 5*a(l) + y(l). Suppose 5*v = x + 9, x - 2*v = -1 - 2. Suppose 4*s - 3 = x. Give b(s).
-4
Let c(u) = -35 - 38 + 81 + u. Calculate c(0).
8
Let f(h) be the second derivative of 6*h + 2*h**2 + 0 + 1/6*h**3. Calculate f(-3).
1
Let s(f) = 5*f**2 + 21*f - 3. Let u(k) = -2*k**2 - 10*k + 2. Let i(g) = 3*s(g) + 7*u(g). Give i(6).
-1
Let t(m) be the first derivative of 5 - m - 1/3*m**3 - 9/4*m**4 - m**2. Give t(-1).
9
Let n(v) = -3 + v**2 + 7 + v - 10 - 4*v. Determine n(6).
12
Let f(n) = -2*n - 14. Let g be f(-10). Let m(q) = q**3 - 7*q**2 + 8*q. Give m(g).
12
Let l(m) = -3*m - 2. Let b be l(-5). Suppose p - 3*q + b = 0, 2*q = -2*p + 6 + 8. Let g(v) = v**2 + v - 1. Determine g(p).
5
Let k = -7605 + 912607/120. Let j(o) be the third derivative of k*o**6 + 1/60*o**5 + 1/24*o**4 + 0*o - 4*o**2 + 1/6*o**3 + 0. Calculate j(-1).
-6
Let x(i) = -3*i**2 - 6*i - 3. Let y(l) = -7*l**2 - 13*l - 7. Let n(j) = -9*x(j) + 4*y(j). Let a = 25 + -22. What is n(a)?
-4
Let k = 2 - -1. Let q(u) = -u + 2. Let t(g) = 2*g - 3. Let i(x) = -5*q(x) - 3*t(x). Give i(k).
-4
Let s(q) = 4*q**3 + 2*q**2 - 1. Let n be s(1). Suppose 3*x = -2*x. Let a(t) = -3*t**2 + 5 + x*t**3 + t**3 - 2*t**2 - 2*t. Calculate a(n).
-5
Let i(t) = -5*t**3 - 16*t**2 + 10*t - 10. Let j(c) = -c**3 - 3*c**2 + 2*c - 2. Let n(f) = -2*i(f) + 11*j(f). Determine n(-3).
10
Let u(n) be the first derivative of -n**4/4 - n**3 - n**2 - 4*n + 26. What is u(-3)?
2
Let g(p) be the third derivative of -p**6/120 + p**5/30 + p**4/4 - 2*p**3/3 + 6*p**2. Give g(4).
-12
Let m(g) be the first derivative of -g**2 - 3*g - 14. What is m(-4)?
5
Suppose u - 4 = 2*u. Let j(l) = -l**3 - l**2 + 1. Let w(z) = -4*z**3 - 3*z**2 - z + 3. Let q(m) = 9*j(m) - 2*w(m). What is q(u)?
11
Suppose 2*w - 4*w + 6 = 0. Let r(n) = 2*n + 4*n - n - w*n. Give r(-3).
-6
Let d(y) = y**2 - 6*y + 6. Let k be 8/120*3 + 24/5. Determine d(k).
1
Let o(m) be the first derivative of m**4/4 + 5*m**3/3 + 3*m**2 + 5*m - 19. What is o(-4)?
-3
Let j(w) = 10*w**2 + w + 1. Suppose 0 = -2*x - 5*c + 23, 3*x + 3*c = -c + 17. Give j(x).
10
Let a(w) = 10*w**2 + 7*w. Let c(p) = -3*p**2 - 2*p. Let t(q) = -4*a(q) - 14*c(q). Let j be t(-1). Let x(n) = n - n**2 + 0*n**j + 2*n**2. Give x(-3).
6
Suppose 0 = 4*m - 3 - 1. Let w(i) = 2*i**2. Calculate w(m).
2
Let i(f) = -5 + 2*f - 3*f + 0. Let b(r) be the first derivative of -r**4/4 - 2*r**3/3 + 3*r**2/2 - 4*r - 3. Let w be b(-3). Give i(w).
-1
Let h(g) be the first derivative of -g**4/4 + g**3 + 5*g**2/2 - 6*g - 1. Suppose -18 = 21*n - 102. What is h(n)?
-2
Let c(j) = -j**2 - 5*j + 8. Let i be c(-7). Let x(b) = b**3 + 6*b**2 + 3*b + 2. Give x(i).
-16
Suppose 4*o = o + 27. Let x(h) = -6*h**2 + 8*h**2 - h - o*h**3 - h**2. Give x(1).
-9
Let t(w) = 2*w**2 - 1. Suppose 0 = -2*y - 3 + 5. Give t(y).
1
Let u(l) = 2*l - 3. Let y be (-14)/(-6) - 10/30. Suppose -w = -y*w + 3. Determine u(w).
3
Let m(a) = -a - 1. Let n(z) = -6*z - 1. Let h(g) = 5*m(g) - n(g). What is h(7)?
3
Let s(r) = -r + 3. Let h = 2 + -2. Let o = h - 0. Suppose -5*u + 10 = -2*q, -4*q - 2*u - u + 32 = o. Determine s(q).
-2
Let n be -3 + 1 + 2*1. Let o(b) = 5*b + 0 + n + 1. What is o(-1)?
-4
Let f(i) = i**3 + 3*i**2 - 3*i - 3. Let v(h) = -h**2 + 5*h - 2. Let x be v(4). Let p be (-2)/1*4/x. Calculate f(p).
-7
Let g(k) = -3*k - 15. Let r(h) = -h - 7. Let v(u) = 4*g(u) - 9*r(u). Let o be 27/18*(-4)/(-3). Give v(o).
-3
Let x(z) = z + 7. Let s(w) = -w**2 - 7*w - 5. Let v be s(-4). Suppose -5*u + k + 50 = 0, u - 4*k + v = 4*u. Let y = u - 14. Give x(y).
2
Let j(q) = 0*q - q - 3 - 2*q + 6*q. What is j(4)?
9
Let y(a) = a + 9. Let l be (-8 - -2)/((-4)/(-6)). Calculate y(l).
0
Let f(r) = 3*r**2 + 3 + r**2 - 4 - 5*r**2 + 7*r. Determine f(6).
5
Let k be (7 + -5)/(1 + 0). Suppose -k*m + 4*z = -8, -2*z - 4 = -m + 2*z. Let s(f) = -2*f + 5. Give s(m).
-3
Let m(c) be the second derivative of c**3/6 + c**2/2 - 3*c. Let w be m(-1). Let o(i) = -i**3 - i**2 - i + 8. Determine o(w).
8
Let u be -1 + (2 - 2) - -6. Let f(z) be the first derivative of -z**3/3 + 3*z**2 - 5*z + 1. Give f(u).
0
Let g(t) = -3*t - 5. Let u be 5 + 2*(-10 + 5). Give g(u).
10
Let x(p) = -2*p - 8. Let n(q) = 2*q + 9. Let c(z) = -5*n(z) - 6*x(z). Suppose -5*w = s + 4 - 2, 4*s + 8 = 3*w. Give c(s).
-1
Suppose p + 3*d + 6 = 6*p, -2*p - 2*d = -12. Let g(w) be the first derivative of 0*w**2 + 1/4*w**4 - 4/3*w**p + 1 + 3*w. Calculate g(3).
-6
Let o(i) = -1 - i**2 + 122*i - 114*i + 0*i**2. What is o(8)?
-1
Let i be ((-2)/(-5))/1 - (-162)/(-30). Let a(g) = g**2 + 3*g - 6. Determine a(i).
4
Let b(x) = -x + 13. Let n be b(6). Let m = n - 4. Let j(q) = 2 + 1 + 0*q - 3*q. Give j(m).
-6
Suppose m + 26 = 3*m. Let j(u) = -5 + 8*u**2 - 3*u**3 + 6*u + 2*u**3 - m*u**2. Determine j(-6).
-5
Let z(c) = -3*c**2 - 10*c + 1. Let y(v) = -2*v**2 - 9*v + 1. Let m(o) = -4*y(o) + 3*z(o). Suppose -10*k + k = -45. Determine m(k).
4
Let k(r) = 3*r - r + r**2 - 14*r - 7 - 2. Determine k(12).
-9
Let a(x) = -x**2 + 10*x - 2. Let r(c) = -c**2 + 11*c - 2. Let g(h) = -7*a(h) + 6*r(h). What is g(4)?
2
Let z(x) = -3*x + 2. Let l be (-2)/(2*5/(-20)). Give z(l).
-10
Let v(f) be the first derivative of -f**4/4 + f**3/3 - 8*f - 1. Let z be 0/(0 - (-4 + 2)). Give v(z).
-8
Let i = -28 + 29. Let p(k) = -17*k**3 - 2*k**2 - 2*k - 4. Let s(t) = -t**3 - t**2 - t - 1. Let v(d) = p(d) - 3*s(d). Calculate v(i).
-13
Let m(n) = -n**2 - 2*n - 3. Let t = 36 - 26. Suppose -3*u - t = 2*u. Calculate m(u).
-3
Let t(r) = -5*r. Let y(a) = 4*a. Let v(c) = -3*t(c) - 4*y(c). Let k(l) = -10*l + 1. Let m(d) = -k(d) + 6*v(d). Determine m(-1).
-5
Let u(z) = -z**3 - 7*z**2 + z - 7. Suppose -3*c + 35 = -0*b - 5*b, -5*b - 35 = -2*c. Determine u(b).
-14
Let n(l) = -l**3 + l**2 - l. Suppose -5*b = -7 + 2. What is n(b)?
-1
Let q(z) = -z + 7. Let g be 4/3*(5 - 8). Let d = 4 + g. Determine q(d).
7
Let u be (-6)/5*10/(-1). Let o(g) = g. Let m(i) = -10*i - 6. Let n(y) = u*o(y) + m(y). What is n(4)?
2
Let j = -5 + 6. Suppose d = 1 + j. Suppose 1 = d*w + o, w - 4*o = 6*w - 10. Let c(k) = k + 3. What is c(w)?
1
Let u(p) be the first derivative of p**4/4 - p**3 - 7*p**2/2 + 6*p - 17. Determine u(4).
-6
Let a(h) = h**2 - 12*h + 5. Let o be a(11). Let f(v) = -v**2 - 3*v + 5. What is f(o)?
-13
Let c(l) = -l**2 - l. Suppose 0 = -6*f + f - 5. Calculate c(f).
0
Let s(t) = -t**3 + 7*t**2 + 7*t + 10. Let j be s(8). Suppose -x + j + 2 = 0. Let c(a) = -a - 5. Determine c(x).
-9
Suppose 3*a + h = -3*h - 82, 2*a + 5*h + 43 = 0. Let u be a/(-10) - 4/10. Let t(z) be the second derivative of -z**4/12 + 5*z**3/6 - 3*z**2/2 + z. Give t(u).
3
Let b(t) = t**2 - 11*t - 5. Let z be b(11). Let h(g) = g - 1. Let x(d) = d**2 + 5*d + 4. Let r(s) = -h(s) - x(s). What is r(z)?
2
Let y(l) = l**3 + l - 9. Let d be (2 - -2) + 0 + -4. Calculate y(d).
-9
Let m(a) = -a**3 - 6*a**2 - a - 7. Suppose -10 + 40 = -5*y. Let u be m(y). Let b(n) = -3*n**2 - 1. Give b(u).
-4
Let w(i) = -i**3 + 5*i**2 - 5*i - 1. Let o(s) = s + 15. Let m be o(-11). What is w(m)?
-5
Let p(u) = 9*u - 78. Let y be p(9). Let v(g) = g**3 - 3*g**2 - g - 1. Determine v(y).
-4
Let m(p) = -p**2 - 8*p + 4. Suppose 3*v = -29 + 5. Let q be m(v). Let s(c) = c**3 - 5*c**2 + 4*c - 5. Let g be s(q). Let x(b) = b**2 + 6*b - 1. What is x(g)?
-6
Let j(n) be the second derivative of n**4/12 + n**3/6 + 2*n**2 - 2*n. Let s be 0 + 